or of 286 and a?
13
Let s = -4092 + 4156. Calculate the highest common factor of 24 and s.
8
Let q(u) = 11*u**3 + 31*u - 205. Let m be q(5). Calculate the greatest common factor of m and 100.
25
Let x(w) = 2*w**3 - 27*w**2 + 42*w - 49. Let a be x(12). Calculate the greatest common divisor of a and 21137.
23
Let v(n) = -n**3 - 31*n**2 + 65*n - 33. Let h be v(-33). Suppose 2*l + 3*i = 291, h*l = -4*l - 5*i + 581. What is the highest common divisor of l and 18?
18
Let h(a) = a**3 + 25*a**2 + 100*a + 5. Let b be h(-20). Suppose 3*d - 4*r - 266 = 0, -b*d - 2*r - 268 = -8*d. What is the greatest common factor of d and 315?
45
Suppose y + 72 = -4*m - 239, -4*m - 4*y - 308 = 0. Let n = -76 - m. Suppose n*v = 5*u - 8, -3*v + 2*u + 2 = -8. Calculate the highest common factor of v and 42.
6
Suppose s = 4*k + 25, -27*s + 25*s = -4*k - 34. Suppose 6*p - 137 = -u + s*p, 2*p = 2. Calculate the highest common factor of 35 and u.
35
Let t(w) = 5*w + 416 - 431 + 2*w - w**2. Let c be t(5). Let p be (c + (-174)/(-18))*(-1 + 4). Calculate the greatest common factor of p and 126.
14
Let x be (-2)/(-10) + 1090/50. Let w(d) = d**2 + 10*d - 37. Let o be w(-15). Let a = o + -27. What is the highest common factor of x and a?
11
Let c be (-9 + 17 + -7)/(1/230). Suppose 5*v = g - 25, -3*g - 2*g = -4*v - c. What is the highest common divisor of g and 80?
10
Let z be 99827/49 + -5 + (-10)/35. What is the highest common divisor of 1397 and z?
127
Let g = 16747 - 12631. Calculate the highest common factor of g and 24.
12
Let u be -513*(-5 + 65/15). Calculate the highest common factor of 76 and u.
38
Suppose -65 - 61 = -2*t. Let g = t + -16. Let m be 1 + g - (-9 + 13). What is the greatest common divisor of 33 and m?
11
Let o be ((-108)/297)/(4/(-22)). Suppose 31 = 2*x - l, 6*x - o*x - 5*l = 47. Calculate the highest common factor of x and 18.
18
Let i be 2*213/(-6)*-3. Let r = i - 118. Suppose 2*q + 66 = 2*t, 5*t - 94 = q + 91. What is the highest common factor of t and r?
19
Let a(x) = -25*x - 131. Let n be a(-6). Let r be (10/6)/((-3)/(-621)). Let v be 2/(-4) - r/(-6). What is the highest common factor of n and v?
19
Suppose 11 = -12*i + 47. Let k be (5 + 91)*i/6. Let r(m) = m**3 - 9*m**2 + 13*m - 8. Let c be r(8). What is the greatest common factor of k and c?
16
Let j = -4333 - -4431. Calculate the greatest common factor of j and 56.
14
Suppose 5*d = g - 435, -5*d = g - 22 + 457. Let x = d - 283. Let o = -186 - x. What is the highest common factor of 23 and o?
23
Let f be (-250)/(-2) - 1071/63. Calculate the greatest common factor of 828 and f.
36
Suppose -25*z + 66*z - 27*z = 0. Let d = z - -16. Calculate the greatest common divisor of d and 304.
16
Suppose -283*u - 4*g - 56 = -285*u, 4*u + 2*g = 142. What is the greatest common divisor of u and 578?
34
Suppose -2*j + 48 = -4*t + 8*t, -2*j = 3*t - 37. Suppose 0 = 2*w + 2*w + 5*x - t, -5*x - 5 = 0. What is the highest common divisor of 28 and w?
4
Let b be 2/(-17) - ((-49112)/136 + -23). What is the greatest common divisor of 240 and b?
48
Let c(m) = -506*m - 1969. Let y be c(-4). What is the highest common divisor of y and 1125?
5
Let x be 0 - -1*(-14)/(-1). Let h be 1/(4/x)*(14 - -2). Suppose 4*z - 8 - h = 0. What is the greatest common factor of z and 2?
2
Suppose 12*j + 0*j - 348 = 0. Let r(b) = -517*b**3 - 2*b**2 - 4*b - 1. Let y be r(-1). Let a = -286 + y. Calculate the highest common divisor of j and a.
29
Let t(q) = -1. Let k(m) = 2*m + 17. Let n(o) = -k(o) - 5*t(o). Let a be (7 + 7)/14*-11. Let z be n(a). Calculate the greatest common factor of z and 50.
10
Suppose -31 + 39 = 4*c. Suppose k - 176 = -c*r, 2*r - 450 = -3*k + 78. What is the greatest common factor of k and 132?
44
Let d be 13125/175*(-1)/6*-10. What is the greatest common divisor of d and 365?
5
Suppose -4*o + 5*x + 74 = 2*x, 4*x = 8. Let r = 4184 - 3924. Calculate the highest common divisor of r and o.
20
Let d(n) = -4*n**3 - n**2 + 3*n - 15. Let y be d(-4). Let v(u) = u**3 + 10*u**2 + 9*u + 15. Let z be v(-8). What is the greatest common divisor of z and y?
71
Let h be 24*7/21 - -132. Let k(n) = n**3 + n**2 + n + 56. Let w be k(0). Calculate the greatest common factor of h and w.
28
Let y = 947 + -887. Suppose 14*a - 2694 = 1086. Calculate the greatest common factor of y and a.
30
Let u = 21 + -36. Let p = -433 + 448. Let m = p - u. What is the greatest common factor of m and 75?
15
Suppose 0 = 11*r - 9*r - 144. Let b(n) = -62*n - 327. Let c be b(-6). What is the highest common factor of c and r?
9
Suppose 7*i - 4 - 10 = 0. Suppose 5*m + 5*t - 210 = -80, -i*t = -8. What is the highest common factor of 77 and m?
11
Let m be (-67)/(-13) + 28/(-182). Let c be (-40)/(-7) + 6/21. Suppose -m*n + 6 = -4*o, n = -c*o + 2*o + 6. What is the highest common factor of n and 22?
2
Let v(d) = 14*d + 308. Let o be v(-18). What is the greatest common factor of o and 98?
14
Let v(t) = -2*t**2 - 79*t - 474. Let a be v(-14). Calculate the greatest common factor of 136 and a.
8
Let p be (2/(-4)*2)/(16/736). Let j be 0*(6/2)/(-3). Let n be p/(j + -1) + -3 + 4. What is the highest common factor of n and 94?
47
Let c(o) = -35*o**3 + 4*o**2 - 3*o - 27. Let s be c(-4). Suppose 5*b + 2*r = s, 17 = -b + 3*r + 485. Calculate the highest common factor of b and 17.
17
Suppose 4*i - 310 = 310*l - 312*l, l - 131 = 2*i. What is the greatest common divisor of l and 4212?
13
Let t(z) = 2*z - 14. Let r be t(12). Let b be (-4 - -3)*(4 - 101). Let o = 207 - b. Calculate the greatest common divisor of r and o.
10
Let v be (225910/(-290))/((-2)/8). Calculate the greatest common divisor of 19 and v.
19
Let s = 30025 + -25862. What is the highest common factor of 299 and s?
23
Let k be (-4)/(-14) + (-55)/(-77). Let d be (-9)/3 + 2*4. Suppose -u - k + 3 = -i, 0 = 5*u + d*i - 10. Calculate the highest common divisor of 22 and u.
2
Suppose -2*x - 11254 = -8*w + 4*w, -3*w = -x - 8443. Calculate the greatest common factor of w and 198.
22
Suppose -51*u + 3559 = -4397. Let v = -97 + 214. Calculate the greatest common factor of u and v.
39
Let h(l) = -234*l + 3214. Let i be h(13). What is the greatest common divisor of 7998 and i?
86
Let q = 6752 + -6746. Calculate the highest common divisor of 10902 and q.
6
Suppose 918 - 2493 = -15*i. What is the greatest common factor of 735 and i?
105
Suppose -4*g = 4*l - 36652, 12174 = 2*l + g - 6154. Calculate the highest common factor of l and 585.
195
Let q = 44 - 20. Let z be (70/15)/(10/15). Suppose z*t - 19*t = -2592. What is the highest common divisor of t and q?
24
Suppose 5*t + 4*d + d - 505 = 0, -d + 205 = 2*t. Suppose -1570*v + 5460 = -1360*v. Calculate the highest common factor of v and t.
26
Suppose -196*d = -233*d + 5772. Calculate the highest common divisor of d and 338.
26
Let i = 455 + -406. Suppose -3162 = -i*c - 761. Calculate the highest common divisor of 784 and c.
49
Let w be (-38246)/(-6) - 5*42/(-315). Calculate the highest common factor of w and 340.
85
Suppose -2*i - 50 = -2*q - 4*i, 0 = -5*q - i + 109. Suppose q*n - 30*n = 1116. Let x = n - -126. What is the highest common factor of 1 and x?
1
Let v(c) = -c**2 + 8*c + 11. Let n be v(9). Suppose 4*y = -12, n*y + 2*y + 1277 = 5*r. What is the greatest common divisor of 11 and r?
11
Suppose 160 = -3*r + p - 283, r + 4*p + 139 = 0. Let s be 7*(-14)/r*(4 + -1). What is the greatest common divisor of 10 and s?
2
Let j be (2/4)/((-2)/4)*0. Let y(g) = 2*g**2 + g - 45. Let s be y(j). Let v = s - -95. Calculate the greatest common divisor of v and 10.
10
Let i(y) = 3*y**2 + 421*y - 2450. Let b be i(-146). Calculate the highest common divisor of b and 2304.
32
Let o(z) = -3*z + 147 - 54 + 0*z. Let g be o(24). What is the greatest common divisor of g and 462?
21
Let g be 53 + 328 - 6/(-1). Let a = g - 379. Calculate the highest common factor of 8 and a.
8
Let f(r) = -14*r + 2. Let d be f(-2). Let q be (-40)/d + 224/6. Suppose 2*s = 5*s - 5*s + 108. What is the highest common divisor of s and q?
18
Let z(b) = 7*b**2 - 6*b + 45. Let q(k) = k**2 + 13*k - 120. Let i be q(6). Let p be z(i). What is the greatest common divisor of 74 and p?
37
Let j = 56 + -14. Let i be 31*108/1116 + (1 - 1) + 81. What is the highest common divisor of i and j?
42
Let n = 1060 - 935. Calculate the greatest common